 2*u, 5*u - h = -5*k. Is k a composite number?
False
Let s be ((-9462)/(-15))/(4/20). Suppose 0 = -9*c + s + 2957. Is c prime?
False
Let k(b) = 71*b + 158. Is k(13) a composite number?
True
Let u = -3 + 8. Suppose -u*j = -i + 171, -i - 828 = -6*i - 2*j. Suppose f - i = 205. Is f composite?
True
Suppose -3*j - 4*q + 36550 = -j, -3*q = 4*j - 73085. Is j composite?
False
Let y = 7465 + -2815. Suppose 4*p + t = 3717, -2*t + y = 5*p + 3*t. Is p prime?
True
Let g(p) be the third derivative of p**5/60 - p**4/24 + 2*p**3/3 - 5*p**2. Let v be g(0). Suppose 2555 = h + v*h. Is h a prime number?
False
Let y(c) = 21*c + 88. Let h be y(-10). Let k be 59 + 2 + -3 - 1. Let r = k - h. Is r prime?
True
Let m be -2 + -3 - 2*-1. Suppose -3*x = -5*t + 3*t - 69, 4*x - 92 = 3*t. Is x/(-5 - -3 - m) a prime number?
True
Let a(r) = r**2 - 3*r. Let z be (3/(-5))/((-9)/45). Let f be a(z). Suppose f = 4*o - 435 - 49. Is o a prime number?
False
Is 252/140 - (-399772)/10 a prime number?
True
Suppose -8*p = -13*p + 97655. Is p prime?
True
Let p be (-4)/(-10) - (-92)/20. Suppose 2*w = p*w - 561. Is w a composite number?
True
Let u(w) = -w**3 + 10*w**2 - 6*w + 5. Let b be u(6). Let j = 276 - b. Is j a composite number?
False
Let a(s) = s**3 - 20*s**2 - 6*s - 38. Let c be a(18). Suppose -5*i - 3*w = 5970, -5*i + 2*w = 2005 + 3940. Let j = c - i. Is j a composite number?
False
Let l be (-4)/(1*2/(-2)). Suppose -c - 5*r = -28, 5 = l*c + 2*r - 17. Is 0/c - (-2 - 140) prime?
False
Let o = 2487 - -1412. Suppose -r = 6*r - o. Is r a composite number?
False
Let v = -124 + 82. Let l be (-3)/15 + v/(-10). Suppose 2*q = l*y - 130, 3*y = -y + 3*q + 125. Is y a composite number?
True
Suppose c + 2 = -0, -3*f - 1424 = -2*c. Let j = -339 - f. Suppose j + 67 = 4*n. Is n composite?
True
Suppose -12 = u + 5*g, -2*g + 3 = -3*u - 6*g. Suppose 4*w = 2*w - o + 133, u*w - 206 = 5*o. Is w composite?
False
Let s(p) = -p**3 + 7*p**2 - 4*p - 5. Let l be s(6). Let x be -2 + 1 - (-28)/l. Suppose 0 = -6*o + x*o + 2*m + 931, 1557 = 5*o + 2*m. Is o a composite number?
False
Let h(s) = s**2 + 14*s - 17. Let p be h(-13). Let v = 65 + p. Is 15/v + 726/21 a composite number?
True
Let k(i) = -8*i + 3. Let g = 66 + -70. Is k(g) a prime number?
False
Let n = -500 + 1135. Suppose -5*p = -4*p - 4*s - n, -4*p + s = -2495. Is p a composite number?
True
Let x(r) = 31*r**2 + 14*r - 151. Is x(12) prime?
True
Suppose -5*h = 2*v - 2841 - 604, 3*h + 5*v = 2086. Is h a prime number?
False
Suppose -5*d - 78 = -3*y, -2*d - 58 = -4*y + 46. Let t = y + 25. Suppose -284 = -3*o + 2*u + t, -3*u = -2*o + 220. Is o composite?
False
Let z(q) = -112*q**2 + 5*q + 6. Let u = 14 - 17. Let g be z(u). Let j = -524 - g. Is j a composite number?
True
Let j be 64/(-24)*(-3)/2. Suppose -4*a - 4*u - 172 = 0, -4*u = -j*a - 117 - 95. Let h = a - -85. Is h a prime number?
True
Let w(q) = 18*q**2 - 26*q + 195. Is w(-29) a composite number?
False
Suppose -16*w + 0*w = -474992. Is w composite?
True
Let p = 189 - 58. Is p a prime number?
True
Let o be ((-6)/5)/((-7)/70). Suppose -2*z = -3*c + 515, -3*z - o = -0*z. Is c a prime number?
False
Suppose 16*u + 7*u = 50002. Is u a prime number?
False
Let a(b) = -b**2 + 2*b**2 + 4 + b - 2 - b**3. Let f be a(2). Suppose 4*p - 4*v - 828 = f, 3*p + 3*v + 1039 = 8*p. Is p a composite number?
True
Let u(x) = 42*x**3 + 4*x**2 - 2*x - 1. Is u(3) a composite number?
False
Let q(k) = 102*k - 41. Let p(f) = 1. Let l(i) = 2*p(i) - q(i). Is l(-14) a prime number?
True
Let y(s) = -s + 8. Let x be y(-14). Suppose 2 + x = 4*t. Is 3 + (t*-21)/(-1) prime?
False
Let d be 94874 + 11 - (3 - 0). Suppose -4*g = 5*r - d, -2*r + 2*g + 19862 + 18098 = 0. Is r/90 + (-4)/(-30) prime?
True
Let z(c) be the second derivative of 20*c**3 - 5*c**2/2 + 9*c. Is z(11) a composite number?
True
Suppose 14*v - 28*v + 10066 = 0. Is v a prime number?
True
Let h(b) = -1. Let m(f) = 2*f - 21. Suppose 2*z = v - 4*v + 4, -2*v = -z - 12. Let i(q) = v*h(q) - m(q). Is i(-15) composite?
False
Let r = 304 + 103. Is r prime?
False
Let m(o) be the second derivative of -4*o**5/5 + 5*o**4/12 + 4*o**3/3 + o**2/2 + 5*o. Is m(-4) prime?
False
Let j be (3/(-2))/((-21)/28). Suppose -5*s + 42 = -2*u, 0*s + j*s = -4*u + 12. Is 210/4 - s/(-16) a prime number?
True
Let b = 13 - 11. Suppose 0*p - b*p - 16 = -5*o, -3*p = -3*o + 15. Suppose o*w + 14 = 3*w. Is w composite?
True
Let k = -2099 + 3878. Is k a prime number?
False
Suppose 3*a = 514 + 3125. Suppose 3*y - a = -244. Is y a prime number?
False
Let b = -20 + 24. Suppose -b*w + 0 = 3*k + 4, 0 = 2*w + 5*k + 16. Suppose -2*f = -o + 34, -f = -w*o - 3*f + 68. Is o prime?
False
Let m = 21 + -10. Suppose -2*w - 19 - m = 0. Is (-20)/(-8)*(-1818)/w composite?
True
Suppose 4*x + 7612 = 4*a, -5*a - 4*x = 1028 - 10525. Is a a composite number?
False
Is -293*(-3)/(6 - 3) prime?
True
Suppose -6*w = -3879 - 58263. Is w a composite number?
False
Let f(s) = 3*s - 8. Let p be f(4). Let x = p + -1. Suppose -v - 2*i + 173 = 0, 0 = -x*v - 0*i + i + 533. Is v composite?
True
Suppose 5*u = -4*a + u + 8, -2*a = -u - 13. Suppose a*j = 9*j - 1440. Suppose 0*d + 5*d = -2*w + j, -d = 2. Is w prime?
False
Is (-108)/36 + (-224)/(-1) composite?
True
Suppose 22*l - 75772 = -6758. Is l composite?
False
Suppose -19*o = -21*o + 894. Is o prime?
False
Suppose 7*g - 40 = 2*g. Suppose -g*d + 4723 + 2389 = 0. Is d a prime number?
False
Suppose -10 = s - 0*s. Is 2/s - (-2 - (-2212)/(-10)) a composite number?
False
Let r = 16 + -6. Suppose -r*i + 378 = -11*i. Let b = i + 563. Is b composite?
True
Let s(y) = y**3 + 8*y**2 + 9*y - 5. Let v be s(-7). Let u(d) = 2*d**2 + 18*d + 2. Is u(v) prime?
False
Let d = -24 + 28. Suppose d*l = -l + 11585. Is l a composite number?
True
Let t = -10064 + 23707. Is t a prime number?
False
Let h = -130296 + 206525. Is h a composite number?
True
Let x(z) = -93381*z - 74. Is x(-1) a composite number?
False
Let c(t) be the first derivative of 1/3*t**3 - 5/2*t**2 - 1/4*t**4 + 4*t + 1. Is c(-5) a composite number?
False
Is 18152 + (114/(-6) - -10) prime?
True
Suppose t + 29 = -4*p - 0*p, -3*t + 49 = -5*p. Let d be 1781*1 - (p + 9). Suppose -2*j - 1616 = -5*b + 609, 5*j = -4*b + d. Is b composite?
True
Suppose -4*y + 2523 = w, -6*w - 3*y + 2525 = -5*w. Is w a prime number?
True
Let x(w) = 2*w**2 + 6*w. Let d be x(6). Let a = 4 - d. Let p = a - -267. Is p a composite number?
False
Let c(o) = 15 + 5*o - 5*o - o. Let u be c(8). Let j = u - -304. Is j prime?
True
Let t(d) = -7*d - 11. Let x be t(-11). Let l be x/16 - (-3)/(-24). Suppose 0 = 4*n + 4*s - 748, -l*n + 662 = -4*s - 118. Is n prime?
True
Suppose 0 = c + c + 230. Let o = 200 + -281. Let w = o - c. Is w prime?
False
Let h = 23 + -18. Suppose 3*b + 15 = -0*b, -2*g + h*b = -919. Suppose 4*u - g = u. Is u a composite number?
False
Let v = -3387 + 9686. Is v composite?
False
Let z = 4713 + 3536. Let q = z + -5674. Suppose -q = -3*c - 4*u, -u + 3*u = 3*c - 2605. Is c composite?
True
Let n(u) be the second derivative of 11*u**3/6 + 3*u**2/2 + 104*u. Suppose 3*w - 5 = 4*w, -g + w + 11 = 0. Is n(g) composite?
True
Suppose 3*k - 944 = 7501. Suppose -5*l + 0*l + 3*s = -k, 0 = -3*l + s + 1689. Is l a composite number?
False
Let o(g) = 1123*g**2 - 63*g - 347. Is o(-5) composite?
True
Let m(p) = -p**2 + 7*p - 2. Suppose -5 = -5*y + 25. Let c be m(y). Suppose 2*q = 3*g + 7, -4*q + 7 + 17 = -c*g. Is q composite?
False
Let b(d) = 200*d**2 + 7*d - 9. Let l be b(2). Let x = 2986 - l. Is x a prime number?
False
Suppose -4*y - 2*v = -40, 32 = 5*y - 0*v - 2*v. Let b(u) = 15*u**2 + 7. Is b(y) a prime number?
True
Suppose -2*c = -2*x - 18, 0 = -4*c + c - x + 15. Is (8984/c)/((-4)/(-6)) a composite number?
True
Is 0 + 1/6 + 9747455/258 composite?
False
Let u(p) = -806*p - 13. Let c(k) = -1. Let j(r) = 4*c(r) - u(r). Is j(5) prime?
False
Let p(o) be the second derivative of 0 + 4*o + 61/6*o**3 - 3/2*o**2. Is p(2) prime?
False
Suppose -5*p + 13*p - 43768 = 0. Is p composite?
False
Let f = -11 + 11. Let b(m) = -m - 3*m**2 + 5*m + 4 - 6*m**3 + f. Is b(-3) composite?
False
Let f = -31 - -27. Let q(t) = 12*t**2 - 5*t - 13. Is q(f) a prime number?
True
Suppose 4*m + 2*u = -m, -3*u = -2*m. Suppose m = 4*j - 31 - 5. Is 2261/j - (-2)/(-9) prime?
True
Let n be (160/100)/(2/220). Suppose -3*t + n = -61. Is t p